9, 113
What are the prime factors of 380?
2, 5, 19
List the prime factors of 21143.
21143
List the prime factors of 2397.
3, 17, 47
What are the prime factors of 67192?
2, 37, 227
List the prime factors of 35835.
3, 5, 2389
List the prime factors of 2176.
2, 17
List the prime factors of 1866.
2, 3, 311
What are the prime factors of 158695?
5, 17, 1867
What are the prime factors of 2048?
2
What are the prime factors of 6793?
6793
What are the prime factors of 36844?
2, 61, 151
List the prime factors of 2053.
2053
What are the prime factors of 14472?
2, 3, 67
List the prime factors of 2022.
2, 3, 337
List the prime factors of 317.
317
What are the prime factors of 2098?
2, 1049
List the prime factors of 44483.
44483
What are the prime factors of 17576?
2, 13
List the prime factors of 220.
2, 5, 11
List the prime factors of 1891.
31, 61
What are the prime factors of 104060?
2, 5, 11, 43
List the prime factors of 46985.
5, 9397
What are the prime factors of 16787?
16787
What are the prime factors of 66620?
2, 5, 3331
List the prime factors of 378.
2, 3, 7
What are the prime factors of 1620?
2, 3, 5
List the prime factors of 55497.
3, 13, 1423
List the prime factors of 12776.
2, 1597
What are the prime factors of 5542?
2, 17, 163
List the prime factors of 9138.
2, 3, 1523
List the prime factors of 974.
2, 487
What are the prime factors of 19799?
13, 1523
What are the prime factors of 19384?
2, 2423
List the prime factors of 654.
2, 3, 109
What are the prime factors of 132342?
2, 3, 7, 23, 137
What are the prime factors of 79279?
79279
What are the prime factors of 3294?
2, 3, 61
What are the prime factors of 1103?
1103
List the prime factors of 19519.
131, 149
What are the prime factors of 14974?
2, 7487
What are the prime factors of 124597?
11, 47, 241
What are the prime factors of 66814?
2, 11, 3037
List the prime factors of 5240.
2, 5, 131
What are the prime factors of 73?
73
What are the prime factors of 393?
3, 131
List the prime factors of 2325.
3, 5, 31
What are the prime factors of 27379?
11, 19, 131
What are the prime factors of 106683?
3, 43, 827
What are the prime factors of 65422?
2, 7, 4673
What are the prime factors of 2973?
3, 991
List the prime factors of 562.
2, 281
What are the prime factors of 44575?
5, 1783
What are the prime factors of 18153?
3, 2017
List the prime factors of 22418.
2, 11, 1019
What are the prime factors of 21808?
2, 29, 47
List the prime factors of 56610.
2, 3, 5, 17, 37
What are the prime factors of 2598?
2, 3, 433
What are the prime factors of 418?
2, 11, 19
List the prime factors of 2158.
2, 13, 83
What are the prime factors of 33492?
2, 3, 2791
What are the prime factors of 3071?
37, 83
List the prime factors of 2776.
2, 347
List the prime factors of 648.
2, 3
What are the prime factors of 44893?
44893
What are the prime factors of 403?
13, 31
What are the prime factors of 870?
2, 3, 5, 29
What are the prime factors of 59008?
2, 461
What are the prime factors of 157?
157
List the prime factors of 586.
2, 293
What are the prime factors of 4639?
4639
List the prime factors of 1592.
2, 199
What are the prime factors of 300?
2, 3, 5
List the prime factors of 15545.
5, 3109
List the prime factors of 2940.
2, 3, 5, 7
List the prime factors of 3786.
2, 3, 631
What are the prime factors of 633?
3, 211
List the prime factors of 1013.
1013
What are the prime factors of 62418?
2, 3, 101, 103
What are the prime factors of 139373?
13, 71, 151
What are the prime factors of 12348?
2, 3, 7
List the prime factors of 6829.
6829
List the prime factors of 724.
2, 181
List the prime factors of 36635.
5, 17, 431
List the prime factors of 107469.
3, 11941
List the prime factors of 4067.
7, 83
List the prime factors of 8998.
2, 11, 409
List the prime factors of 135825.
3, 5, 1811
List the prime factors of 27487.
27487
What are the prime factors of 60252?
2, 3, 5021
List the prime factors of 26912.
2, 29
List the prime factors of 1413.
3, 157
List the prime factors of 453.
3, 151
What are the prime factors of 9322?
2, 59, 79
What are the prime factors of 66498?
2, 3, 11083
List the prime factors of 48412.
2, 7, 13, 19
What are the prime factors of 323?
17, 19
List the prime factors of 38137.
11, 3467
List the prime factors of 101418.
2, 3, 16903
List the prime factors of 14678.
2, 41, 179
What are the prime factors of 29179?
29179
List the prime factors of 711.
3, 79
What are the prime factors of 2319?
3, 773
What are the prime factors of 496?
2, 31
What are the prime factors of 146084?
2, 59, 619
What are the prime factors of 46969?
13, 3613
What are the prime factors of 18115?
5, 3623
What are the prime factors of 34751?
19, 31, 59
List the prime factors of 56615.
5, 13, 67
What are the prime factors of 13952?
2, 109
List the prime factors of 27305.
5, 43, 127
What are the prime factors of 25130?
2, 5, 7, 359
What are the prime factors of 5525?
5, 13, 17
What are the prime factors of 135824?
2, 13, 653
List the prime factors of 606.
2, 3, 101
What are the prime factors of 4553?
29, 157
List the prime factors of 4061.
31, 131
What are the prime factors of 52?
2, 13
List the prime factors of 1363.
29, 47
What are the prime factors of 71730?
2, 3, 5, 797
What are the prime factors of 969?
3, 17, 19
List the prime factors of 64883.
7, 13, 23, 31
What are the prime factors of 5933?
17, 349
List the prime factors of 96967.
13, 7459
List the prime factors of 10712.
2, 13, 103
What are the prime factors of 3719?
3719
List the prime factors of 5856.
2, 3, 61
List the prime factors of 535.
5, 107
What are the prime factors of 2703?
3, 17, 53
List the prime factors of 15.
3, 5
What are the prime factors of 2188?
2, 547
List the prime factors of 1429.
1429
What are the prime factors of 715?
5, 11, 13
List the prime factors of 6507.
3, 241
List the prime factors of 4892.
2, 1223
What are the prime factors of 93287?
93287
What are the prime factors of 1325?
5, 53
What are the prime factors of 18?
2, 3
What are the prime factors of 13841?
13841
List the prime factors of 18198.
2, 3, 337
What are the prime factors of 7940?
2, 5, 397
What are the prime factors of 2649?
3, 883
List the prime factors of 6.
2, 3
List the prime factors of 11274.
2, 3, 1879
What are the prime factors of 720?
2, 3, 5
What are the prime factors of 9804?
2, 3, 19, 43
List the prime factors of 557.
557
What are the prime factors of 2617?
2617
List the prime factors of 12481.
7, 1783
What are the prime factors of 13415?
5, 2683
What are the prime factors of 808?
2, 101
List the prime factors of 3061.
3061
What are the prime factors of 2110?
2, 5, 211
What are the prime factors of 1072?
2, 67
What are the prime factors of 13209?
3, 7, 17, 37
List the prime factors of 73742.
2, 36871
List the prime factors of 989.
23, 43
List the prime factors of 1637.
1637
List the prime factors of 6178.
2, 3089
List the prime factors of 19820.
2, 5, 991
What are the prime factors of 6126?
2, 3, 1021
What are the prime factors of 2003?
2003
List the prime factors of 191.
191
What are the prime factors of 1048?
2, 131
List the prime factors of 806.
2, 13, 31
List the prime factors of 67885.
5, 13577
What are the prime factors of 4103?
11, 373
What are the prime factors of 45397?
11, 4127
What are the prime factors of 4148?
2, 17, 61
List the prime factors of 484.
2, 11
What are the prime factors of 7725?
3, 5, 103
What are the prime factors of 16622?
2, 8311
List the prime factors of 837.
3, 31
List the prime factors of 9813.
3, 3271
List the prime factors of 8661.
3, 2887
List the prime factors of 709.
709
What are the prime factors of 6702?
2, 3, 1117
What are the prime factors of 1473?
3, 491
List the prime factors of 115203.
3, 11, 3491
What are the prime factors of 2249?
13, 173
What are the prime factors of 13883?
13883
List the prime factors of 2230.
2, 5, 223
What are the prime factors of 417?
3, 139
What are the prime factors of 29342?
2, 17, 863
What are the prime factors of 334?
2, 167
What are the prime factors of 7412?
2, 17, 109
What are the prime factors of 2408?
2, 7, 43
List the prime factors of 1488.
2, 3, 31
List the prime factors of 6062.
2, 7, 433
List the prime factors of 145492.
2, 36373
What are the prime factors of 727?
727
List the prime factors of 200.
2, 5
L